ommon divisor of 18 and 62856?
18
What is the highest common factor of 174568 and 104?
8
What is the greatest common factor of 13923 and 56511?
819
Calculate the greatest common divisor of 151911 and 6.
3
What is the greatest common divisor of 1064 and 2464?
56
What is the highest common divisor of 1954269 and 159?
159
Calculate the highest common factor of 363 and 561.
33
What is the greatest common divisor of 61237 and 1881?
209
Calculate the highest common divisor of 63204 and 81066.
1374
What is the highest common factor of 84459 and 282?
141
What is the highest common divisor of 11 and 416614?
11
What is the greatest common factor of 2137112 and 16?
8
Calculate the highest common factor of 25 and 6382225.
25
Calculate the greatest common divisor of 4763 and 1496.
11
What is the greatest common divisor of 14162 and 2482?
146
What is the highest common divisor of 775 and 806?
31
Calculate the highest common factor of 75404 and 364.
28
What is the greatest common factor of 270 and 53415?
45
What is the highest common divisor of 9800 and 108248?
56
What is the greatest common factor of 22631 and 1281?
427
Calculate the greatest common divisor of 325024 and 896.
224
What is the greatest common factor of 676 and 506155?
169
Calculate the highest common divisor of 637 and 104195.
91
Calculate the greatest common factor of 196166 and 430.
86
Calculate the greatest common divisor of 258 and 24.
6
What is the greatest common factor of 27 and 958203?
27
What is the highest common divisor of 123860 and 220?
220
Calculate the greatest common factor of 11358 and 261.
9
Calculate the highest common divisor of 41873 and 247.
13
What is the greatest common factor of 2310 and 77?
77
What is the highest common factor of 1392 and 119424?
48
What is the greatest common divisor of 1568731 and 521?
521
Calculate the highest common factor of 232 and 1036712.
8
Calculate the highest common factor of 715 and 7612.
11
What is the highest common factor of 2658696 and 7896?
1128
What is the greatest common divisor of 180 and 31440?
60
Calculate the highest common factor of 72 and 4908.
12
What is the highest common divisor of 2392 and 9386?
26
What is the greatest common factor of 12 and 9522?
6
Calculate the greatest common factor of 55 and 85.
5
Calculate the highest common divisor of 153318 and 396.
66
Calculate the greatest common divisor of 459 and 1503684.
459
Calculate the greatest common divisor of 488600 and 100.
100
What is the greatest common divisor of 2895 and 8565?
15
What is the greatest common factor of 4 and 650975?
1
What is the highest common factor of 39094 and 517?
11
Calculate the highest common divisor of 101 and 3791035.
101
What is the greatest common factor of 29904 and 632?
8
What is the greatest common divisor of 1935 and 4730?
215
Calculate the highest common factor of 13081 and 1030.
103
What is the greatest common divisor of 1992036 and 228?
228
What is the greatest common factor of 15 and 28815?
15
Calculate the greatest common divisor of 38 and 51718.
38
Calculate the highest common factor of 256 and 56992.
32
Calculate the highest common factor of 817 and 3053.
43
What is the greatest common factor of 76 and 99028?
76
What is the highest common divisor of 792 and 191268?
396
What is the highest common divisor of 59455 and 5?
5
What is the greatest common factor of 978 and 4401?
489
Calculate the highest common divisor of 2800575 and 5532.
1383
What is the greatest common divisor of 666 and 72?
18
Calculate the greatest common factor of 17110 and 169920.
590
What is the greatest common divisor of 2718 and 954?
18
What is the greatest common divisor of 83261 and 695?
139
Calculate the highest common factor of 2580 and 3180.
60
Calculate the greatest common factor of 9604 and 644.
28
What is the highest common factor of 78 and 408213?
39
Calculate the highest common factor of 141963 and 3397.
79
What is the highest common factor of 4392 and 600?
24
What is the highest common divisor of 3642975 and 3150?
1575
Calculate the greatest common divisor of 64 and 160504.
8
Calculate the highest common divisor of 40 and 49580.
20
What is the highest common divisor of 727681 and 95?
19
Calculate the highest common divisor of 2827 and 1903.
11
Calculate the greatest common factor of 1472 and 298908.
92
Calculate the greatest common divisor of 2551389 and 123.
123
What is the greatest common factor of 1134 and 973?
7
Calculate the greatest common divisor of 39508 and 1660.
332
What is the highest common divisor of 135 and 19945?
5
What is the greatest common factor of 70 and 2485?
35
What is the highest common divisor of 23876 and 74824?
188
What is the greatest common divisor of 90984 and 28968?
408
What is the highest common divisor of 513 and 257298?
57
What is the highest common factor of 2258136 and 1191?
1191
Calculate the greatest common factor of 3584 and 116312.
56
What is the highest common factor of 2674 and 71243?
191
Calculate the greatest common factor of 115446 and 710.
142
Calculate the highest common divisor of 1125 and 3765.
15
Calculate the highest common factor of 8789 and 36091.
187
Calculate the greatest common factor of 191442 and 8.
2
Calculate the greatest common factor of 101271 and 3.
3
What is the highest common factor of 124 and 418438?
62
What is the highest common divisor of 860 and 4250?
10
Calculate the highest common divisor of 377757 and 187.
17
What is the highest common divisor of 304 and 567188?
76
Calculate the greatest common divisor of 16 and 9991504.
16
Calculate the greatest common divisor of 91008 and 6768.
144
What is the highest common divisor of 53522 and 112?
14
Calculate the highest common factor of 336 and 6342.
42
Calculate the greatest common factor of 48 and 721104.
48
Calculate the greatest common divisor of 738 and 1314.
18
What is the highest common factor of 1056 and 11160?
24
What is the highest common divisor of 1710784 and 64?
64
What is the greatest common divisor of 1030 and 35?
5
Calculate the highest common divisor of 43776 and 112704.
192
What is the greatest common divisor of 64 and 9280?
64
What is the greatest common factor of 43231 and 187?
17
What is the highest common factor of 1162 and 1526?
14
Calculate the highest common divisor of 81612 and 72.
36
Calculate the highest common factor of 41192 and 608.
152
Calculate the highest common divisor of 230 and 2090194.
46
What is the highest common factor of 1753088 and 64?
64
Calculate the greatest common factor of 1204 and 67284.
28
What is the greatest common divisor of 16 and 15564?
4
Calculate the greatest common factor of 142996 and 28.
28
What is the highest common divisor of 100 and 31700?
100
What is the greatest common divisor of 5257686 and 168?
42
Calculate the highest common factor of 792720 and 540.
540
Calculate the highest common divisor of 19619 and 138.
23
What is the highest common factor of 2706 and 1338?
6
What is the greatest common factor of 1452 and 4164?
12
Calculate the greatest common divisor of 122 and 62.
2
What is the greatest common factor of 155246 and 637?
91
Calculate the highest common factor of 484 and 32989.
11
Calculate the highest common divisor of 99 and 478302.
33
Calculate the highest common factor of 7705 and 106463.
67
Calculate the highest common factor of 2756 and 14522.
106
What is the greatest common factor of 5411 and 21?
7
What is the greatest common factor of 192087 and 1701?
63
What is the greatest common divisor of 2060 and 845630?
1030
What is the greatest common factor of 1298080 and 700?
140
What is the highest common divisor of 847 and 491744?
121
Calculate the highest common factor of 90361 and 4796.
109
Calculate the greatest common factor of 456988 and 798.
266
Calculate the greatest common divisor of 33 and 391809.
33
Calculate the greatest common divisor of 1807 and 75199.
139
Calculate the highest common divisor of 985 and 328793.
197
Calculate the greatest common factor of 6 and 76245.
3
Calculate the highest common divisor of 320 and 92720.
80
Calculate the greatest common divisor of 903 and 79851.
129
Calculate the highest common divisor of 433350 and 15.
15
Calculate the highest common factor of 31 and 762383.
31
What is the highest common divisor of 20254 and 13